{"id":152,"date":"2025-10-10T20:35:45","date_gmt":"2025-10-10T20:35:45","guid":{"rendered":"https:\/\/xn--plsitz-xxa.de\/?page_id=152"},"modified":"2026-01-06T10:45:04","modified_gmt":"2026-01-06T10:45:04","slug":"veranstaltungen","status":"publish","type":"page","link":"https:\/\/xn--plsitz-xxa.de\/?page_id=152","title":{"rendered":"Kontakt"},"content":{"rendered":"\n<div class=\"wp-block-group is-nowrap is-layout-flex wp-container-core-group-is-layout-6c531013 wp-block-group-is-layout-flex\">\n<div class=\"wp-block-group wp-container-content-69bc4bdf has-global-padding is-layout-constrained wp-block-group-is-layout-constrained\">\n<div class=\"wp-block-columns is-layout-flex wp-container-core-columns-is-layout-28f84493 wp-block-columns-is-layout-flex\">\n<div class=\"wp-block-column is-layout-flow wp-block-column-is-layout-flow\" style=\"flex-basis:100%\">\n<div class=\"wp-block-file aligncenter\" style=\"border-style:none;border-width:0px;padding-top:0;padding-right:0;padding-bottom:0;padding-left:0\"><a id=\"wp-block-file--media-0ccbefdd-9a5b-461c-ae51-01e491c92f84\" href=\"https:\/\/xn--plsitz-xxa.de\/wp-content\/uploads\/2025\/11\/Mitgliedsantrag_Parthedorf_Ploesitz-1.pdf\"><br>Mitgliedsantrag<\/a><a href=\"https:\/\/xn--plsitz-xxa.de\/wp-content\/uploads\/2025\/11\/Mitgliedsantrag_Parthedorf_Ploesitz-1.pdf\" class=\"wp-block-file__button wp-element-button\" download aria-describedby=\"wp-block-file--media-0ccbefdd-9a5b-461c-ae51-01e491c92f84\">Herunterladen<\/a><\/div>\n<\/div>\n<\/div>\n<\/div>\n\n\n\n<div class=\"wp-block-columns is-layout-flex wp-container-core-columns-is-layout-28f84493 wp-block-columns-is-layout-flex\">\n<div class=\"wp-block-column is-layout-flow wp-block-column-is-layout-flow\" style=\"flex-basis:100%\">\n<div class=\"wp-block-group has-global-padding is-layout-constrained wp-block-group-is-layout-constrained\">\n<div class=\"wp-block-file aligncenter\" style=\"margin-top:var(--wp--preset--spacing--40)\"><a id=\"wp-block-file--media-c2ab2434-5fe0-4740-80d5-63f5e8820ca6\" href=\"https:\/\/xn--plsitz-xxa.de\/wp-content\/uploads\/2025\/11\/2025-01-16-Beitragsordnung.pdf\">Beitragsordnung<\/a><a href=\"https:\/\/xn--plsitz-xxa.de\/wp-content\/uploads\/2025\/11\/2025-01-16-Beitragsordnung.pdf\" class=\"wp-block-file__button wp-element-button\" download aria-describedby=\"wp-block-file--media-c2ab2434-5fe0-4740-80d5-63f5e8820ca6\">Herunterladen<\/a><\/div>\n<\/div>\n<\/div>\n<\/div>\n\n\n\n<div class=\"wp-block-columns is-layout-flex wp-container-core-columns-is-layout-28f84493 wp-block-columns-is-layout-flex\">\n<div class=\"wp-block-column is-layout-flow wp-block-column-is-layout-flow\" style=\"flex-basis:100%\">\n<div class=\"wp-block-file aligncenter wp-container-content-69bc4bdf\"><a id=\"wp-block-file--media-3ced5677-40a3-41b0-b105-ffb528895bf7\" href=\"https:\/\/xn--plsitz-xxa.de\/wp-content\/uploads\/2025\/11\/2025-04-02-Satzung-aktuell-1.pdf\"><br>Satzung<\/a><a href=\"https:\/\/xn--plsitz-xxa.de\/wp-content\/uploads\/2025\/11\/2025-04-02-Satzung-aktuell-1.pdf\" class=\"wp-block-file__button wp-element-button\" download aria-describedby=\"wp-block-file--media-3ced5677-40a3-41b0-b105-ffb528895bf7\">Herunterladen<\/a><\/div>\n<\/div>\n<\/div>\n<\/div>\n\n\n<style id=\"wpforms-css-vars-206-block-5e5d0bdf-f8cc-4164-90d6-b5ebd6ac8b4a\">\n\t\t\t\t#wpforms-206.wpforms-block-5e5d0bdf-f8cc-4164-90d6-b5ebd6ac8b4a {\n\t\t\t\t--wpforms-label-color: #262626;\n--wpforms-label-sublabel-color: #7f7f7f;\n--wpforms-label-error-color: #ff0000;\n--wpforms-page-break-color: #dddddd;\n--wpforms-field-border-radius: 0px;\n--wpforms-field-border-color: #cccccc;\n--wpforms-field-border-color-spare: #cccccc;\n--wpforms-field-text-color: #444444;\n--wpforms-button-border-style: solid;\n--wpforms-button-border-radius: 0px;\n--wpforms-button-background-color: #dddddd;\n--wpforms-button-text-color: #666666;\n--wpforms-button-border-color: #cccccc;\n--wpforms-field-size-input-height: 43px;\n--wpforms-field-size-input-spacing: 15px;\n--wpforms-field-size-font-size: 16px;\n--wpforms-field-size-line-height: 19px;\n--wpforms-field-size-padding-h: 14px;\n--wpforms-field-size-checkbox-size: 16px;\n--wpforms-field-size-sublabel-spacing: 5px;\n--wpforms-field-size-icon-size: 1;\n--wpforms-label-size-font-size: 14px;\n--wpforms-label-size-line-height: 17px;\n--wpforms-label-size-sublabel-font-size: 13px;\n--wpforms-label-size-sublabel-line-height: 16px;\n--wpforms-button-size-font-size: 17px;\n--wpforms-button-size-height: 41px;\n--wpforms-button-size-padding-h: 15px;\n--wpforms-button-size-margin-top: 10px;\n\t\t\t}\n\t\t\t<\/style><div class=\"wpforms-container wpforms-container-full wpforms-block wpforms-block-5e5d0bdf-f8cc-4164-90d6-b5ebd6ac8b4a wpforms-render-modern\" id=\"wpforms-206\"><form id=\"wpforms-form-206\" class=\"wpforms-validate wpforms-form wpforms-ajax-form\" data-formid=\"206\" method=\"post\" enctype=\"multipart\/form-data\" action=\"\/index.php?rest_route=%2Fwp%2Fv2%2Fpages%2F152\" data-token=\"087b06a3b4f02b143d6958eec7369cfa\" data-token-time=\"1776446241\"><noscript class=\"wpforms-error-noscript\">Bitte aktiviere JavaScript in deinem Browser, um dieses Formular fertigzustellen.<\/noscript><div id=\"wpforms-error-noscript\" style=\"display: none;\">Bitte aktiviere JavaScript in deinem Browser, um dieses Formular fertigzustellen.<\/div><div class=\"wpforms-field-container\">\t\t<div id=\"wpforms-206-field_4-container\"\n\t\t\tclass=\"wpforms-field wpforms-field-text\"\n\t\t\tdata-field-type=\"text\"\n\t\t\tdata-field-id=\"4\"\n\t\t\t>\n\t\t\t<label class=\"wpforms-field-label\" for=\"wpforms-206-field_4\" >Name Nachricht Kommentar<\/label>\n\t\t\t<input type=\"text\" id=\"wpforms-206-field_4\" class=\"wpforms-field-medium\" name=\"wpforms[fields][4]\" >\n\t\t<\/div>\n\t\t<div id=\"wpforms-206-field_1-container\" class=\"wpforms-field wpforms-field-name\" data-field-id=\"1\"><fieldset><legend class=\"wpforms-field-label\">Name <span class=\"wpforms-required-label\" aria-hidden=\"true\">*<\/span><\/legend><div class=\"wpforms-field-row wpforms-field-medium\"><div class=\"wpforms-field-row-block wpforms-first wpforms-one-half\"><input type=\"text\" id=\"wpforms-206-field_1\" class=\"wpforms-field-name-first wpforms-field-required\" name=\"wpforms[fields][1][first]\" aria-errormessage=\"wpforms-206-field_1-error\" required><label for=\"wpforms-206-field_1\" class=\"wpforms-field-sublabel after\">Vorname<\/label><\/div><div class=\"wpforms-field-row-block wpforms-one-half\"><input type=\"text\" id=\"wpforms-206-field_1-last\" class=\"wpforms-field-name-last wpforms-field-required\" name=\"wpforms[fields][1][last]\" aria-errormessage=\"wpforms-206-field_1-last-error\" required><label for=\"wpforms-206-field_1-last\" class=\"wpforms-field-sublabel after\">Nachname<\/label><\/div><\/div><\/fieldset><\/div><div id=\"wpforms-206-field_2-container\" class=\"wpforms-field wpforms-field-email\" data-field-id=\"2\"><label class=\"wpforms-field-label\" for=\"wpforms-206-field_2\">E-Mail-Adresse <span class=\"wpforms-required-label\" aria-hidden=\"true\">*<\/span><\/label><input type=\"email\" id=\"wpforms-206-field_2\" class=\"wpforms-field-medium wpforms-field-required\" name=\"wpforms[fields][2]\" spellcheck=\"false\" aria-errormessage=\"wpforms-206-field_2-error\" required><\/div><div id=\"wpforms-206-field_3-container\" class=\"wpforms-field wpforms-field-textarea\" data-field-id=\"3\"><label class=\"wpforms-field-label\" for=\"wpforms-206-field_3\">Kommentar oder Nachricht<\/label><textarea id=\"wpforms-206-field_3\" class=\"wpforms-field-medium\" name=\"wpforms[fields][3]\" aria-errormessage=\"wpforms-206-field_3-error\" ><\/textarea><\/div><script>\n\t\t\t\t( function() {\n\t\t\t\t\tconst style = document.createElement( 'style' );\n\t\t\t\t\tstyle.appendChild( document.createTextNode( '#wpforms-206-field_4-container { position: absolute !important; overflow: hidden !important; display: inline !important; height: 1px !important; width: 1px !important; z-index: -1000 !important; padding: 0 !important; } #wpforms-206-field_4-container input { visibility: hidden; } #wpforms-conversational-form-page #wpforms-206-field_4-container label { counter-increment: none; }' ) );\n\t\t\t\t\tdocument.head.appendChild( style );\n\t\t\t\t\tdocument.currentScript?.remove();\n\t\t\t\t} )();\n\t\t\t<\/script><\/div><!-- .wpforms-field-container --><div class=\"wpforms-submit-container\" ><input type=\"hidden\" name=\"wpforms[id]\" value=\"206\"><input type=\"hidden\" name=\"page_title\" value=\"\"><input type=\"hidden\" name=\"page_url\" value=\"https:\/\/xn--plsitz-xxa.de\/index.php?rest_route=\/wp\/v2\/pages\/152\"><input type=\"hidden\" name=\"url_referer\" value=\"\"><button type=\"submit\" name=\"wpforms[submit]\" id=\"wpforms-submit-206\" class=\"wpforms-submit\" data-alt-text=\"Wird gesendet\u00a0\u2026\" data-submit-text=\"Absenden\" aria-live=\"assertive\" value=\"wpforms-submit\">Absenden<\/button><img loading=\"lazy\" decoding=\"async\" src=\"https:\/\/xn--plsitz-xxa.de\/wp-content\/plugins\/wpforms-lite\/assets\/images\/submit-spin.svg\" class=\"wpforms-submit-spinner\" style=\"display: none;\" width=\"26\" height=\"26\" alt=\"Wird geladen\"><\/div><\/form><\/div>  <!-- .wpforms-container -->\n\n\n<p><strong>Ihr m\u00f6chtet uns dabei unterst\u00fctzen<\/strong>, unserem Dorf und unserer Dorfgemeinschaft etwas Gutes zu tun? Wir freuen uns \u00fcber jede Spende, gerne auch zweckgebunden, und stellen euch gerne Spendenquittungen zur Vorlage beim Finanzamt aus.<\/p>\n\n\n\n<p>Konto: <\/p>\n\n\n\n<p class=\"has-large-font-size\">Parthedorf Pl\u00f6sitz<\/p>\n\n\n\n<p class=\"has-large-font-size\">IBAN: DE39 8306 5408 0005 4803 29<\/p>\n\n\n\n<p class=\"has-large-font-size\">Skatbank Altenburg<\/p>\n\n\n\n<p><\/p>\n","protected":false},"excerpt":{"rendered":"<p>Ihr m\u00f6chtet uns dabei unterst\u00fctzen, unserem Dorf und unserer Dorfgemeinschaft etwas Gutes zu tun? Wir freuen uns \u00fcber jede Spende, gerne auch zweckgebunden, und stellen euch gerne Spendenquittungen zur Vorlage beim Finanzamt aus. Konto: Parthedorf Pl\u00f6sitz IBAN: DE39 8306 5408 0005 4803 29 Skatbank Altenburg<\/p>\n","protected":false},"author":1,"featured_media":0,"parent":0,"menu_order":0,"comment_status":"closed","ping_status":"closed","template":"","meta":{"_monsterinsights_skip_tracking":false,"_monsterinsights_sitenote_active":false,"_monsterinsights_sitenote_note":"","_monsterinsights_sitenote_category":0,"footnotes":""},"class_list":["post-152","page","type-page","status-publish","hentry"],"aioseo_notices":[],"_links":{"self":[{"href":"https:\/\/xn--plsitz-xxa.de\/index.php?rest_route=\/wp\/v2\/pages\/152","targetHints":{"allow":["GET"]}}],"collection":[{"href":"https:\/\/xn--plsitz-xxa.de\/index.php?rest_route=\/wp\/v2\/pages"}],"about":[{"href":"https:\/\/xn--plsitz-xxa.de\/index.php?rest_route=\/wp\/v2\/types\/page"}],"author":[{"embeddable":true,"href":"https:\/\/xn--plsitz-xxa.de\/index.php?rest_route=\/wp\/v2\/users\/1"}],"replies":[{"embeddable":true,"href":"https:\/\/xn--plsitz-xxa.de\/index.php?rest_route=%2Fwp%2Fv2%2Fcomments&post=152"}],"version-history":[{"count":15,"href":"https:\/\/xn--plsitz-xxa.de\/index.php?rest_route=\/wp\/v2\/pages\/152\/revisions"}],"predecessor-version":[{"id":460,"href":"https:\/\/xn--plsitz-xxa.de\/index.php?rest_route=\/wp\/v2\/pages\/152\/revisions\/460"}],"wp:attachment":[{"href":"https:\/\/xn--plsitz-xxa.de\/index.php?rest_route=%2Fwp%2Fv2%2Fmedia&parent=152"}],"curies":[{"name":"wp","href":"https:\/\/api.w.org\/{rel}","templated":true}]}}